{"id":462,"date":"2024-07-13T16:33:09","date_gmt":"2024-07-13T13:33:09","guid":{"rendered":"https:\/\/ikincielesya.afacanbilgi.com\/cikma\/?post_type=product&#038;p=462"},"modified":"2024-07-13T16:33:09","modified_gmt":"2024-07-13T13:33:09","slug":"volkswagen-b8-passat-teyp-ve-klima-6-aylik-urun-yeni-gibi-makine","status":"publish","type":"product","link":"https:\/\/ikincielesya.afacanbilgi.com\/cikma\/urun\/volkswagen-b8-passat-teyp-ve-klima-6-aylik-urun-yeni-gibi-makine\/","title":{"rendered":"Volkswagen b8 passat teyp ve klima 6 ayl\u0131k \u00fcr\u00fcn yeni gibi makine"},"content":{"rendered":"<p><img loading=\"lazy\" decoding=\"async\" class=\"aligncenter size-full wp-image-463\" src=\"https:\/\/ikincielesya.afacanbilgi.com\/cikma\/wp-content\/uploads\/2024\/07\/Volkswagen-b8-passat-teyp-1.png\" alt=\"\" width=\"963\" height=\"630\" title=\"\" srcset=\"https:\/\/ikincielesya.afacanbilgi.com\/cikma\/wp-content\/uploads\/2024\/07\/Volkswagen-b8-passat-teyp-1.png 963w, https:\/\/ikincielesya.afacanbilgi.com\/cikma\/wp-content\/uploads\/2024\/07\/Volkswagen-b8-passat-teyp-1-300x196.png 300w, https:\/\/ikincielesya.afacanbilgi.com\/cikma\/wp-content\/uploads\/2024\/07\/Volkswagen-b8-passat-teyp-1-768x502.png 768w, https:\/\/ikincielesya.afacanbilgi.com\/cikma\/wp-content\/uploads\/2024\/07\/Volkswagen-b8-passat-teyp-1-600x393.png 600w\" sizes=\"auto, (max-width: 963px) 100vw, 963px\" \/> <img loading=\"lazy\" decoding=\"async\" class=\"aligncenter size-full wp-image-464\" src=\"https:\/\/ikincielesya.afacanbilgi.com\/cikma\/wp-content\/uploads\/2024\/07\/Volkswagen-b8-passat-teyp-2.png\" alt=\"\" width=\"772\" height=\"575\" title=\"\" srcset=\"https:\/\/ikincielesya.afacanbilgi.com\/cikma\/wp-content\/uploads\/2024\/07\/Volkswagen-b8-passat-teyp-2.png 772w, https:\/\/ikincielesya.afacanbilgi.com\/cikma\/wp-content\/uploads\/2024\/07\/Volkswagen-b8-passat-teyp-2-300x223.png 300w, https:\/\/ikincielesya.afacanbilgi.com\/cikma\/wp-content\/uploads\/2024\/07\/Volkswagen-b8-passat-teyp-2-768x572.png 768w, https:\/\/ikincielesya.afacanbilgi.com\/cikma\/wp-content\/uploads\/2024\/07\/Volkswagen-b8-passat-teyp-2-160x120.png 160w, https:\/\/ikincielesya.afacanbilgi.com\/cikma\/wp-content\/uploads\/2024\/07\/Volkswagen-b8-passat-teyp-2-600x447.png 600w\" sizes=\"auto, (max-width: 772px) 100vw, 772px\" \/> <img loading=\"lazy\" decoding=\"async\" class=\"aligncenter size-full wp-image-465\" src=\"https:\/\/ikincielesya.afacanbilgi.com\/cikma\/wp-content\/uploads\/2024\/07\/Volkswagen-b8-passat-teyp-3.png\" alt=\"\" width=\"1055\" height=\"618\" title=\"\" srcset=\"https:\/\/ikincielesya.afacanbilgi.com\/cikma\/wp-content\/uploads\/2024\/07\/Volkswagen-b8-passat-teyp-3.png 1055w, https:\/\/ikincielesya.afacanbilgi.com\/cikma\/wp-content\/uploads\/2024\/07\/Volkswagen-b8-passat-teyp-3-300x176.png 300w, https:\/\/ikincielesya.afacanbilgi.com\/cikma\/wp-content\/uploads\/2024\/07\/Volkswagen-b8-passat-teyp-3-1024x600.png 1024w, https:\/\/ikincielesya.afacanbilgi.com\/cikma\/wp-content\/uploads\/2024\/07\/Volkswagen-b8-passat-teyp-3-768x450.png 768w, https:\/\/ikincielesya.afacanbilgi.com\/cikma\/wp-content\/uploads\/2024\/07\/Volkswagen-b8-passat-teyp-3-600x351.png 600w\" sizes=\"auto, (max-width: 1055px) 100vw, 1055px\" \/><\/p>\n","protected":false},"excerpt":{"rendered":"<p>Volkswagen b8 passat teyp %5. 6.672,50 TL \u00b7 Kuponlu \u00dcr\u00fcn. Newspace Passat B8 2-32 Dsp Ips Android Multimedya Navigasyon Myway Vw Passat B8 Android 12 Kablosuz Carplay Navigasyon Multimedya Ekran Teyp &#8211; MY-0609W-VW Passat B8. 4.941,00 TL Kuponlu VOLKSWAGEN PASSAT B8 ANDRO\u0130D CARPLAY 2GB RAM MULT\u0130MEDYA<\/p>\n","protected":false},"featured_media":465,"template":"","meta":[],"product_brand":[],"product_cat":[15],"product_tag":[],"class_list":{"0":"post-462","1":"product","2":"type-product","3":"status-publish","4":"has-post-thumbnail","6":"product_cat-ikinci-el-esya","8":"first","9":"instock","10":"sale","11":"shipping-taxable","12":"purchasable","13":"product-type-simple"},"_links":{"self":[{"href":"https:\/\/ikincielesya.afacanbilgi.com\/cikma\/wp-json\/wp\/v2\/product\/462","targetHints":{"allow":["GET"]}}],"collection":[{"href":"https:\/\/ikincielesya.afacanbilgi.com\/cikma\/wp-json\/wp\/v2\/product"}],"about":[{"href":"https:\/\/ikincielesya.afacanbilgi.com\/cikma\/wp-json\/wp\/v2\/types\/product"}],"wp:featuredmedia":[{"embeddable":true,"href":"https:\/\/ikincielesya.afacanbilgi.com\/cikma\/wp-json\/wp\/v2\/media\/465"}],"wp:attachment":[{"href":"https:\/\/ikincielesya.afacanbilgi.com\/cikma\/wp-json\/wp\/v2\/media?parent=462"}],"wp:term":[{"taxonomy":"product_brand","embeddable":true,"href":"https:\/\/ikincielesya.afacanbilgi.com\/cikma\/wp-json\/wp\/v2\/product_brand?post=462"},{"taxonomy":"product_cat","embeddable":true,"href":"https:\/\/ikincielesya.afacanbilgi.com\/cikma\/wp-json\/wp\/v2\/product_cat?post=462"},{"taxonomy":"product_tag","embeddable":true,"href":"https:\/\/ikincielesya.afacanbilgi.com\/cikma\/wp-json\/wp\/v2\/product_tag?post=462"}],"curies":[{"name":"wp","href":"https:\/\/api.w.org\/{rel}","templated":true}]}}