{"id":514,"date":"2024-08-29T16:44:22","date_gmt":"2024-08-29T13:44:22","guid":{"rendered":"https:\/\/ikincielesya.afacanbilgi.com\/cikma\/?post_type=product&#038;p=514"},"modified":"2024-08-29T16:44:22","modified_gmt":"2024-08-29T13:44:22","slug":"ikinci-el-kontaktor-sartel-salt-otomasyon-urunleri-istediginiz-her-marka","status":"publish","type":"product","link":"https:\/\/ikincielesya.afacanbilgi.com\/cikma\/urun\/ikinci-el-kontaktor-sartel-salt-otomasyon-urunleri-istediginiz-her-marka\/","title":{"rendered":"ikinci el kontakt\u00f6r \u015fartel \u015falt otomasyon \u00fcr\u00fcnleri; \u0130stedi\u011finiz her marka"},"content":{"rendered":"<h3><span style=\"color: #ff0000;\"><strong>Kontakt\u00f6r \u015falter ne i\u015fe yarar?<\/strong> Kontaktor Nedir? Ne \u0130\u015fe Yarar?<\/span><\/h3>\n<p>Kontakt\u00f6r\u00fcn g\u00f6revi anahtarlama yani a\u00e7\u0131p kapanma yoluyla enerjiyi bir noktadan di\u011fer bir noktaya iletmektir. Kontakt\u00f6r\u00fcn di\u011fer bir anahtarlama elemanlar\u0131 olan devre kesiciden ve sigortadan fark\u0131 a\u015f\u0131r\u0131 ak\u0131m durumunda koruma yapmamas\u0131d\u0131r. Sadece enerjiyi bir noktadan bir noktaya iletirler.<\/p>\n","protected":false},"excerpt":{"rendered":"<p><strong>ikinci el kontakt\u00f6r \u015fartel ikinci el \u015falt otomasyon \u00fcr\u00fcnleri<\/strong>; \u0130stedi\u011finiz her marka ve model ikinci el \u015falterleri web sitemizde rahatl\u0131kla bulabilir, arzu etti\u011finiz Sigorta\/\u015ealt ; Siemens 3RT2016-1AP01 Sirius Kontakt\u00f6r 9A 230V AC 4kW kontakt\u00f6rler, sigortalar, \u015falterler, s\u00fcr\u00fcc\u00fc ve plcler gibi \u00fcr\u00fcnlerin sat\u0131\u015f ve al\u0131m platformu. Arad\u0131\u011f\u0131n\u0131z her t\u00fcrl\u00fc ikinci el elektrik malzemelerini web sitemizde kolayl\u0131kla bulabilirsiniz.<\/p>\n","protected":false},"featured_media":517,"template":"","meta":[],"product_brand":[],"product_cat":[31,15],"product_tag":[],"class_list":{"0":"post-514","1":"product","2":"type-product","3":"status-publish","4":"has-post-thumbnail","6":"product_cat-ikinci-el-is-makineleri","7":"product_cat-ikinci-el-esya","9":"first","10":"instock","11":"sale","12":"shipping-taxable","13":"purchasable","14":"product-type-simple"},"_links":{"self":[{"href":"https:\/\/ikincielesya.afacanbilgi.com\/cikma\/wp-json\/wp\/v2\/product\/514","targetHints":{"allow":["GET"]}}],"collection":[{"href":"https:\/\/ikincielesya.afacanbilgi.com\/cikma\/wp-json\/wp\/v2\/product"}],"about":[{"href":"https:\/\/ikincielesya.afacanbilgi.com\/cikma\/wp-json\/wp\/v2\/types\/product"}],"wp:featuredmedia":[{"embeddable":true,"href":"https:\/\/ikincielesya.afacanbilgi.com\/cikma\/wp-json\/wp\/v2\/media\/517"}],"wp:attachment":[{"href":"https:\/\/ikincielesya.afacanbilgi.com\/cikma\/wp-json\/wp\/v2\/media?parent=514"}],"wp:term":[{"taxonomy":"product_brand","embeddable":true,"href":"https:\/\/ikincielesya.afacanbilgi.com\/cikma\/wp-json\/wp\/v2\/product_brand?post=514"},{"taxonomy":"product_cat","embeddable":true,"href":"https:\/\/ikincielesya.afacanbilgi.com\/cikma\/wp-json\/wp\/v2\/product_cat?post=514"},{"taxonomy":"product_tag","embeddable":true,"href":"https:\/\/ikincielesya.afacanbilgi.com\/cikma\/wp-json\/wp\/v2\/product_tag?post=514"}],"curies":[{"name":"wp","href":"https:\/\/api.w.org\/{rel}","templated":true}]}}