{"id":523,"date":"2024-10-07T09:51:46","date_gmt":"2024-10-07T06:51:46","guid":{"rendered":"https:\/\/ikincielesya.afacanbilgi.com\/cikma\/?post_type=product&#038;p=523"},"modified":"2024-10-07T09:51:46","modified_gmt":"2024-10-07T06:51:46","slug":"yeni-sokulmus-cikma-parke-hepsi-sifir-ayarinda-tertemiz","status":"publish","type":"product","link":"https:\/\/ikincielesya.afacanbilgi.com\/cikma\/urun\/yeni-sokulmus-cikma-parke-hepsi-sifir-ayarinda-tertemiz\/","title":{"rendered":"Yeni s\u00f6k\u00fclm\u00fc\u015f \u00e7\u0131kma parke hepsi s\u0131f\u0131r ayar\u0131nda tertemiz"},"content":{"rendered":"","protected":false},"excerpt":{"rendered":"<p><img loading=\"lazy\" decoding=\"async\" class=\"aligncenter size-full wp-image-524\" src=\"https:\/\/ikincielesya.afacanbilgi.com\/cikma\/wp-content\/uploads\/2024\/10\/Yeni-sokulmus-cikma-parke-1.png\" alt=\"\" width=\"851\" height=\"476\" srcset=\"https:\/\/ikincielesya.afacanbilgi.com\/cikma\/wp-content\/uploads\/2024\/10\/Yeni-sokulmus-cikma-parke-1.png 851w, https:\/\/ikincielesya.afacanbilgi.com\/cikma\/wp-content\/uploads\/2024\/10\/Yeni-sokulmus-cikma-parke-1-300x168.png 300w, https:\/\/ikincielesya.afacanbilgi.com\/cikma\/wp-content\/uploads\/2024\/10\/Yeni-sokulmus-cikma-parke-1-768x430.png 768w, https:\/\/ikincielesya.afacanbilgi.com\/cikma\/wp-content\/uploads\/2024\/10\/Yeni-sokulmus-cikma-parke-1-600x336.png 600w\" sizes=\"auto, (max-width: 851px) 100vw, 851px\" \/><\/p>\n<p><strong>Parkeler s\u00f6k\u00fcl\u00fcp tekrar tak\u0131l\u0131r m\u0131?<\/strong><br \/>\n\u00c7ok narin bir yap\u0131ya sahip olan kilit sistemi bilir ki\u015filer taraf\u0131ndan montaj\u0131 ve s\u00f6k\u00fcm\u00fc yap\u0131lmal\u0131d\u0131r. Daha sonra, s\u00f6k\u00fclen laminat parkeleri iste\u011fe g\u00f6re nereye montaj edilmesi gerekiyorsa sorunsuz bir \u015fekilde tekrar narin hareketlerle montaj\u0131 yap\u0131labilir.<\/p>\n<p><img loading=\"lazy\" decoding=\"async\" class=\"aligncenter size-large wp-image-525\" src=\"https:\/\/ikincielesya.afacanbilgi.com\/cikma\/wp-content\/uploads\/2024\/10\/Yeni-sokulmus-cikma-parke-2.png\" alt=\"\" width=\"925\" height=\"620\" srcset=\"https:\/\/ikincielesya.afacanbilgi.com\/cikma\/wp-content\/uploads\/2024\/10\/Yeni-sokulmus-cikma-parke-2.png 925w, https:\/\/ikincielesya.afacanbilgi.com\/cikma\/wp-content\/uploads\/2024\/10\/Yeni-sokulmus-cikma-parke-2-300x201.png 300w, https:\/\/ikincielesya.afacanbilgi.com\/cikma\/wp-content\/uploads\/2024\/10\/Yeni-sokulmus-cikma-parke-2-768x515.png 768w, https:\/\/ikincielesya.afacanbilgi.com\/cikma\/wp-content\/uploads\/2024\/10\/Yeni-sokulmus-cikma-parke-2-600x402.png 600w\" sizes=\"auto, (max-width: 925px) 100vw, 925px\" \/><\/p>\n<p><strong>Yeni s\u00f6k\u00fclm\u00fc\u015f \u00e7\u0131kma parke \u00c7\u0131kma Laminat Parke<\/strong> modelleri en ucuz fiyat se\u00e7enekleriyle 3+1 \u00c7ok temiz \u00e7\u0131kma parke \u00c7ok temiz \u00e7\u0131kma parke daireden yeni s\u00f6k\u00fclm\u00fc\u015f \u00e7amsan marka 54 Mt2 temiz parke sat\u0131l\u0131kt\u0131r. Daha sonra, s\u00f6k\u00fclen laminat parkeleri iste\u011fe g\u00f6re nereye montaj edilmesi gerekiyorsa sorunsuz isteyen gelip bakabilir Baz\u0131 al\u0131c\u0131lar ise s\u0131f\u0131r parkeler yerine daha \u00f6nce belirli bir mek\u00e2nda kullan\u0131lm\u0131\u015f ve oradan s\u00f6k\u00fclm\u00fc\u015f olan \u00e7\u0131kma nakliyemiz yoktur.<\/p>\n<p><strong><a href=\"https:\/\/www.google.com\/search?q=Parke+%C3%B6mr%C3%BC+ne+kadard%C4%B1r%3F&amp;rlz=1C1CHZN_trTR1057TR1057&amp;oq=Parke+%C3%B6mr%C3%BC+ne+kadard%C4%B1r%3F&amp;gs_lcrp=EgZjaHJvbWUyBggAEEUYOTIICAEQABgWGB4yCggCEAAYgAQYogQyCggDEAAYgAQYogQyCggEEAAYgAQYogQyCggFEAAYgAQYogTSAQc2MzVqMGo5qAIAsAIB&amp;sourceid=chrome&amp;ie=UTF-8\">Parke \u00f6mr\u00fc ne kadard\u0131r?<\/a><\/strong><br \/>\nAyr\u0131ca, uzun s\u00fcreli kullan\u0131m i\u00e7in bak\u0131mlar\u0131n\u0131n d\u00fczenli olarak yap\u0131lmas\u0131 gerekir. Bak\u0131m i\u00e7in en \u00e7ok 5 y\u0131lda bir sistre denilen yenileme i\u015flemi yap\u0131lmal\u0131d\u0131r. Bu i\u015flem yakla\u015f\u0131k 8 kez yap\u0131labilece\u011fi d\u00fc\u015f\u00fcn\u00fcl\u00fcrse, iyi bak\u0131lan bir masif d\u00f6\u015femenin \u00f6mr\u00fc 40 y\u0131la kadar \u00e7\u0131kabilir.<\/p>\n","protected":false},"featured_media":525,"template":"","meta":[],"product_brand":[],"product_cat":[32],"product_tag":[],"class_list":{"0":"post-523","1":"product","2":"type-product","3":"status-publish","4":"has-post-thumbnail","6":"product_cat-ikinci-el-mobilya","8":"first","9":"instock","10":"sale","11":"shipping-taxable","12":"purchasable","13":"product-type-simple"},"_links":{"self":[{"href":"https:\/\/ikincielesya.afacanbilgi.com\/cikma\/wp-json\/wp\/v2\/product\/523","targetHints":{"allow":["GET"]}}],"collection":[{"href":"https:\/\/ikincielesya.afacanbilgi.com\/cikma\/wp-json\/wp\/v2\/product"}],"about":[{"href":"https:\/\/ikincielesya.afacanbilgi.com\/cikma\/wp-json\/wp\/v2\/types\/product"}],"wp:featuredmedia":[{"embeddable":true,"href":"https:\/\/ikincielesya.afacanbilgi.com\/cikma\/wp-json\/wp\/v2\/media\/525"}],"wp:attachment":[{"href":"https:\/\/ikincielesya.afacanbilgi.com\/cikma\/wp-json\/wp\/v2\/media?parent=523"}],"wp:term":[{"taxonomy":"product_brand","embeddable":true,"href":"https:\/\/ikincielesya.afacanbilgi.com\/cikma\/wp-json\/wp\/v2\/product_brand?post=523"},{"taxonomy":"product_cat","embeddable":true,"href":"https:\/\/ikincielesya.afacanbilgi.com\/cikma\/wp-json\/wp\/v2\/product_cat?post=523"},{"taxonomy":"product_tag","embeddable":true,"href":"https:\/\/ikincielesya.afacanbilgi.com\/cikma\/wp-json\/wp\/v2\/product_tag?post=523"}],"curies":[{"name":"wp","href":"https:\/\/api.w.org\/{rel}","templated":true}]}}