{"id":527,"date":"2024-10-12T07:27:54","date_gmt":"2024-10-12T04:27:54","guid":{"rendered":"https:\/\/ikincielesya.afacanbilgi.com\/cikma\/?post_type=product&#038;p=527"},"modified":"2024-10-12T07:27:54","modified_gmt":"2024-10-12T04:27:54","slug":"cikma-insaat-demiri-12-metre-degisik-olculerde-insaat-demiri","status":"publish","type":"product","link":"https:\/\/ikincielesya.afacanbilgi.com\/cikma\/urun\/cikma-insaat-demiri-12-metre-degisik-olculerde-insaat-demiri\/","title":{"rendered":"\u00c7\u0131kma in\u015faat demiri 12 metre de\u011fi\u015fik \u00f6l\u00e7\u00fclerde in\u015faat demiri"},"content":{"rendered":"<p><img loading=\"lazy\" decoding=\"async\" src=\"https:\/\/ikincielesya.afacanbilgi.com\/cikma\/wp-content\/uploads\/2024\/10\/Cikma-insaat-demiri-12-metre-2.png\" alt=\"\" width=\"951\" height=\"630\" class=\"aligncenter size-full wp-image-529\" title=\"\" srcset=\"https:\/\/ikincielesya.afacanbilgi.com\/cikma\/wp-content\/uploads\/2024\/10\/Cikma-insaat-demiri-12-metre-2.png 951w, https:\/\/ikincielesya.afacanbilgi.com\/cikma\/wp-content\/uploads\/2024\/10\/Cikma-insaat-demiri-12-metre-2-300x199.png 300w, https:\/\/ikincielesya.afacanbilgi.com\/cikma\/wp-content\/uploads\/2024\/10\/Cikma-insaat-demiri-12-metre-2-768x509.png 768w, https:\/\/ikincielesya.afacanbilgi.com\/cikma\/wp-content\/uploads\/2024\/10\/Cikma-insaat-demiri-12-metre-2-600x397.png 600w\" sizes=\"auto, (max-width: 951px) 100vw, 951px\" \/><\/p>\n","protected":false},"excerpt":{"rendered":"<p><strong>\u00c7\u0131kma in\u015faat demiri 12 metre 12&#8217;lik \u0130n\u015faat Demiri<\/strong> \u0130kinci el her cesit demir urunleri mevcuttur. Cati kaplama malzemeleri profiller her turde agir 12&#8217;lik \u0130n\u015faat Demiri. 17.000 TL. Mu\u011fla, Marmaris \u00b7 HASIR \u00c7EL\u0130K \u00c7ESAN DEM\u0130R 2024 y\u0131l\u0131nda 12 metre uzunlu\u011fundaki 12 metre 8&#8217;lik demirin fiyat\u0131, \u00fcr\u00fcn\u00fcn kalitesi ve piyasa ko\u015fullar\u0131na g\u00f6re de\u011fi\u015fiklik g\u00f6sterebilir. <strong>12&#8217;lik in\u015faat demirinin fiyat\u0131 yakla\u015f\u0131k olarak \u015fu \u015fekildedir:<\/strong> Ankara: 119,45 TL\u200b HASIR \u00c7EL\u0130K \u00c7ESAN DEM\u0130R \u0130lan A\u00e7\u0131klamas\u0131. Standart olarak 12 metre boyunda \u00fcretilir. Y\u00fczeyindeki nerv\u00fcrler so\u011fukta burularak imal edilir. \u0130yi 8mm 1,160kg 12mm 460kg 245 tane 8lik 43 tane 12lik 12 metre uzunlukta \u0130n\u015faat \u00c7ubuk Demiri<\/p>\n<p><strong><a href=\"https:\/\/www.google.com\/search?q=1+ton+in%C5%9Faat+demiri+ka%C3%A7+TL+2024%3F&amp;rlz=1C1CHZN_trTR1057TR1057&amp;oq=1+ton+in%C5%9Faat+demiri+ka%C3%A7+TL+2024%3F&amp;gs_lcrp=EgZjaHJvbWUyBggAEEUYOTIICAEQABgWGB4yCggCEAAYogQYiQUyCggDEAAYgAQYogQyCggEEAAYgAQYogQyCggFEAAYgAQYogQyCggGEAAYgAQYogTSAQc2NzdqMGo5qAIAsAIB&amp;sourceid=chrome&amp;ie=UTF-8\">1 ton in\u015faat demiri ka\u00e7 TL 2024?<\/a><\/strong><br \/>\nDemir fiyatlar\u0131, b\u00f6lgesel \u015fehirlere ve kal\u0131nl\u0131klar\u0131na g\u00f6re, d\u00fcz veya nerv\u00fcrl\u00fc \u00e7e\u015fitleri i\u00e7in T\u00fcrkiye ortalamalar\u0131 ile g\u00fcnl\u00fck demir fiyatlar\u0131 10 Ekim 2024 tarihi itibariyle, 25.550 TL\/ton ile 27.600 TL\/ton aral\u0131\u011f\u0131nda sat\u0131n al\u0131nabilir.<\/p>\n","protected":false},"featured_media":528,"template":"","meta":[],"product_brand":[],"product_cat":[15],"product_tag":[],"class_list":{"0":"post-527","1":"product","2":"type-product","3":"status-publish","4":"has-post-thumbnail","6":"product_cat-ikinci-el-esya","8":"first","9":"instock","10":"sale","11":"shipping-taxable","12":"purchasable","13":"product-type-simple"},"_links":{"self":[{"href":"https:\/\/ikincielesya.afacanbilgi.com\/cikma\/wp-json\/wp\/v2\/product\/527","targetHints":{"allow":["GET"]}}],"collection":[{"href":"https:\/\/ikincielesya.afacanbilgi.com\/cikma\/wp-json\/wp\/v2\/product"}],"about":[{"href":"https:\/\/ikincielesya.afacanbilgi.com\/cikma\/wp-json\/wp\/v2\/types\/product"}],"wp:featuredmedia":[{"embeddable":true,"href":"https:\/\/ikincielesya.afacanbilgi.com\/cikma\/wp-json\/wp\/v2\/media\/528"}],"wp:attachment":[{"href":"https:\/\/ikincielesya.afacanbilgi.com\/cikma\/wp-json\/wp\/v2\/media?parent=527"}],"wp:term":[{"taxonomy":"product_brand","embeddable":true,"href":"https:\/\/ikincielesya.afacanbilgi.com\/cikma\/wp-json\/wp\/v2\/product_brand?post=527"},{"taxonomy":"product_cat","embeddable":true,"href":"https:\/\/ikincielesya.afacanbilgi.com\/cikma\/wp-json\/wp\/v2\/product_cat?post=527"},{"taxonomy":"product_tag","embeddable":true,"href":"https:\/\/ikincielesya.afacanbilgi.com\/cikma\/wp-json\/wp\/v2\/product_tag?post=527"}],"curies":[{"name":"wp","href":"https:\/\/api.w.org\/{rel}","templated":true}]}}