{"id":530,"date":"2024-10-17T16:03:37","date_gmt":"2024-10-17T13:03:37","guid":{"rendered":"https:\/\/ikincielesya.afacanbilgi.com\/cikma\/?post_type=product&#038;p=530"},"modified":"2024-10-17T16:03:37","modified_gmt":"2024-10-17T13:03:37","slug":"insaat-demir-kesim-makasi-ikinci-el-temiz-demir-makasi","status":"publish","type":"product","link":"https:\/\/ikincielesya.afacanbilgi.com\/cikma\/urun\/insaat-demir-kesim-makasi-ikinci-el-temiz-demir-makasi\/","title":{"rendered":"\u0130n\u015faat demir kesim makas\u0131 ikinci el temiz demir makas\u0131"},"content":{"rendered":"<p><img loading=\"lazy\" decoding=\"async\" class=\"aligncenter size-full wp-image-534\" src=\"https:\/\/ikincielesya.afacanbilgi.com\/cikma\/wp-content\/uploads\/2024\/10\/ikinci-el-temiz-demir-makasi-4.png\" alt=\"\" width=\"689\" height=\"621\" title=\"\" srcset=\"https:\/\/ikincielesya.afacanbilgi.com\/cikma\/wp-content\/uploads\/2024\/10\/ikinci-el-temiz-demir-makasi-4.png 689w, https:\/\/ikincielesya.afacanbilgi.com\/cikma\/wp-content\/uploads\/2024\/10\/ikinci-el-temiz-demir-makasi-4-300x270.png 300w, https:\/\/ikincielesya.afacanbilgi.com\/cikma\/wp-content\/uploads\/2024\/10\/ikinci-el-temiz-demir-makasi-4-600x541.png 600w\" sizes=\"auto, (max-width: 689px) 100vw, 689px\" \/><\/p>\n","protected":false},"excerpt":{"rendered":"<p><strong>ikinci el temiz demir makas\u0131 Pense modelleri ikinci el ve s\u0131f\u0131r Demirci makas\u0131<\/strong> 5 mm sac , k\u00f6\u015febent ve mil kesme En ucuz demir kesme makas\u0131 fiyatlar\u0131 320 farkl\u0131 se\u00e7enekle 279,00 TL&#8217;den ba\u015flayan f\u0131rsatlar\u0131 de\u011ferlendir makas\u0131. A\u011f\u0131r tip. B\u0131\u00e7aklar\u0131 temiz \u00e7ok iyi kesiyor se\u00e7enekleriyle \u0130kinci el ve s\u0131f\u0131r Demir Kesme Makinas\u0131 \u00e7e\u015fitlerini g\u00fcvenilir makine sat\u0131c\u0131lar\u0131ndan ve En uygun fiyatlar i\u00e7in t\u0131klay\u0131n. Her ebatta ikinci el Kal\u0131n malzemeleri kesmek i\u00e7in uygundur. Saplar, kaymaz malzemelerden yap\u0131l\u0131r. kesme ,b\u00fckme ,\u00e7ember, asans\u00f6r, <strong><a href=\"https:\/\/www.google.com\/search?sca_esv=e3415725a8787c2e&amp;rlz=1C1CHZN_trTR1057TR1057&amp;q=vibrat%C3%B6r+makinalar%C4%B1&amp;udm=2&amp;fbs=AEQNm0BKpCiw9W1hnB1w_0SNMkAbruU9iUfwVZRGvnAzM5bhRsslJlplbBhF1RveHjSSP2gZ2CjK_L6SdMfASpzbMMtiFj20mKPn-ssK57JGGf6JVp3fzgS00H30ZwpuymDqY9Zs6c7pKPA91svZlOazGCAfoDni1UXH5JtDWYR7k4j3LfNpaXbeqyghbEw-UDGMPOrYvP3afl0uNWBgSHxQLO8DWiOffgrbI0Gd7PB2ZbUX7beSo5Q&amp;sa=X&amp;ved=2ahUKEwjE6uz_vJWJAxW-YPEDHYMjPEgQtKgLegQIEhAB&amp;biw=1366&amp;bih=641&amp;dpr=1\">vibrat\u00f6r makinalar\u0131<\/a><\/strong><\/p>\n","protected":false},"featured_media":531,"template":"","meta":[],"product_brand":[],"product_cat":[31],"product_tag":[],"class_list":{"0":"post-530","1":"product","2":"type-product","3":"status-publish","4":"has-post-thumbnail","6":"product_cat-ikinci-el-is-makineleri","8":"first","9":"instock","10":"sale","11":"shipping-taxable","12":"purchasable","13":"product-type-simple"},"_links":{"self":[{"href":"https:\/\/ikincielesya.afacanbilgi.com\/cikma\/wp-json\/wp\/v2\/product\/530","targetHints":{"allow":["GET"]}}],"collection":[{"href":"https:\/\/ikincielesya.afacanbilgi.com\/cikma\/wp-json\/wp\/v2\/product"}],"about":[{"href":"https:\/\/ikincielesya.afacanbilgi.com\/cikma\/wp-json\/wp\/v2\/types\/product"}],"wp:featuredmedia":[{"embeddable":true,"href":"https:\/\/ikincielesya.afacanbilgi.com\/cikma\/wp-json\/wp\/v2\/media\/531"}],"wp:attachment":[{"href":"https:\/\/ikincielesya.afacanbilgi.com\/cikma\/wp-json\/wp\/v2\/media?parent=530"}],"wp:term":[{"taxonomy":"product_brand","embeddable":true,"href":"https:\/\/ikincielesya.afacanbilgi.com\/cikma\/wp-json\/wp\/v2\/product_brand?post=530"},{"taxonomy":"product_cat","embeddable":true,"href":"https:\/\/ikincielesya.afacanbilgi.com\/cikma\/wp-json\/wp\/v2\/product_cat?post=530"},{"taxonomy":"product_tag","embeddable":true,"href":"https:\/\/ikincielesya.afacanbilgi.com\/cikma\/wp-json\/wp\/v2\/product_tag?post=530"}],"curies":[{"name":"wp","href":"https:\/\/api.w.org\/{rel}","templated":true}]}}