{"id":549,"date":"2025-08-04T18:53:36","date_gmt":"2025-08-04T15:53:36","guid":{"rendered":"https:\/\/ikincielesya.afacanbilgi.com\/cikma\/?post_type=product&#038;p=549"},"modified":"2025-08-04T18:53:37","modified_gmt":"2025-08-04T15:53:37","slug":"2-el-saglam-temiz-plywood-garantili-sifir-ayarinda-cam-plywood","status":"publish","type":"product","link":"https:\/\/ikincielesya.afacanbilgi.com\/cikma\/urun\/2-el-saglam-temiz-plywood-garantili-sifir-ayarinda-cam-plywood\/","title":{"rendered":"2.el sa\u011flam temiz plywood garantili s\u0131f\u0131r ayar\u0131nda \u00e7am plywood"},"content":{"rendered":"<p><img loading=\"lazy\" decoding=\"async\" src=\"https:\/\/ikincielesya.afacanbilgi.com\/cikma\/wp-content\/uploads\/2025\/08\/2.el-saglam-temiz-plywood-3.png\" alt=\"\" width=\"632\" height=\"629\" class=\"aligncenter size-full wp-image-552\" title=\"\" srcset=\"https:\/\/ikincielesya.afacanbilgi.com\/cikma\/wp-content\/uploads\/2025\/08\/2.el-saglam-temiz-plywood-3.png 632w, https:\/\/ikincielesya.afacanbilgi.com\/cikma\/wp-content\/uploads\/2025\/08\/2.el-saglam-temiz-plywood-3-300x300.png 300w, https:\/\/ikincielesya.afacanbilgi.com\/cikma\/wp-content\/uploads\/2025\/08\/2.el-saglam-temiz-plywood-3-150x150.png 150w, https:\/\/ikincielesya.afacanbilgi.com\/cikma\/wp-content\/uploads\/2025\/08\/2.el-saglam-temiz-plywood-3-600x597.png 600w, https:\/\/ikincielesya.afacanbilgi.com\/cikma\/wp-content\/uploads\/2025\/08\/2.el-saglam-temiz-plywood-3-100x100.png 100w\" sizes=\"auto, (max-width: 632px) 100vw, 632px\" \/><\/p>\n","protected":false},"excerpt":{"rendered":"<p>2.el sa\u011flam temiz plywood Temiz, sa\u011flam ve kullan\u0131ma haz\u0131r skele DST Plywood &#8211; DB Plywood Stoklar\u0131m\u0131zda \u00dcr\u00fcn ve fiyat bilgisi i\u00e7in ileti\u015fime ge\u00e7iniz.Ustal\u0131k emek ister, g\u00fcven ister Ekonomik \u00e7\u00f6z\u00fcm \u2013 Kaliteden \u00f6d\u00fcn yok Farkl\u0131 \u00f6l\u00e7\u00fc ve adet se\u00e7enekleri H\u0131zl\u0131 teslim<\/p>\n<p>En kaliteli plywood hangisi?<br \/>\nT\u00fcketiciler kullan\u0131m\u0131na g\u00f6re plywood tercih etmektedir. Rus Plywood ve Endonezya Plywood fiyat olarak di\u011fer plywoodlardan y\u00fcksek olmas\u0131na ra\u011fmen mukavemeti ve dayan\u0131kl\u0131l\u0131\u011f\u0131 bak\u0131m\u0131ndan daha y\u00fcksektir. Bu y\u00fczden t\u00fcketiciler Rus Plywoodu ve Endonezya Plywoodu tercih etmektedirler.<\/p>\n","protected":false},"featured_media":550,"template":"","meta":[],"product_brand":[],"product_cat":[32],"product_tag":[],"class_list":{"0":"post-549","1":"product","2":"type-product","3":"status-publish","4":"has-post-thumbnail","6":"product_cat-ikinci-el-mobilya","8":"first","9":"instock","10":"sale","11":"shipping-taxable","12":"purchasable","13":"product-type-simple"},"_links":{"self":[{"href":"https:\/\/ikincielesya.afacanbilgi.com\/cikma\/wp-json\/wp\/v2\/product\/549","targetHints":{"allow":["GET"]}}],"collection":[{"href":"https:\/\/ikincielesya.afacanbilgi.com\/cikma\/wp-json\/wp\/v2\/product"}],"about":[{"href":"https:\/\/ikincielesya.afacanbilgi.com\/cikma\/wp-json\/wp\/v2\/types\/product"}],"wp:featuredmedia":[{"embeddable":true,"href":"https:\/\/ikincielesya.afacanbilgi.com\/cikma\/wp-json\/wp\/v2\/media\/550"}],"wp:attachment":[{"href":"https:\/\/ikincielesya.afacanbilgi.com\/cikma\/wp-json\/wp\/v2\/media?parent=549"}],"wp:term":[{"taxonomy":"product_brand","embeddable":true,"href":"https:\/\/ikincielesya.afacanbilgi.com\/cikma\/wp-json\/wp\/v2\/product_brand?post=549"},{"taxonomy":"product_cat","embeddable":true,"href":"https:\/\/ikincielesya.afacanbilgi.com\/cikma\/wp-json\/wp\/v2\/product_cat?post=549"},{"taxonomy":"product_tag","embeddable":true,"href":"https:\/\/ikincielesya.afacanbilgi.com\/cikma\/wp-json\/wp\/v2\/product_tag?post=549"}],"curies":[{"name":"wp","href":"https:\/\/api.w.org\/{rel}","templated":true}]}}