{"id":553,"date":"2025-08-08T09:27:54","date_gmt":"2025-08-08T06:27:54","guid":{"rendered":"https:\/\/ikincielesya.afacanbilgi.com\/cikma\/?post_type=product&#038;p=553"},"modified":"2025-08-08T09:27:54","modified_gmt":"2025-08-08T06:27:54","slug":"islemci-hurdasi-cpu-elektronik-atik-geri-donusumu-laptop-masa-ustu-bilgisayar-islemci-hurda","status":"publish","type":"product","link":"https:\/\/ikincielesya.afacanbilgi.com\/cikma\/urun\/islemci-hurdasi-cpu-elektronik-atik-geri-donusumu-laptop-masa-ustu-bilgisayar-islemci-hurda\/","title":{"rendered":"\u0130\u015flemci hurdas\u0131 CPU elektronik at\u0131k geri d\u00f6n\u00fc\u015f\u00fcm\u00fc laptop, masa \u00fcst\u00fc bilgisayar i\u015flemci hurda"},"content":{"rendered":"<p>Bozuk elektronik cihazlar geri d\u00f6n\u00fc\u015ft\u00fcr\u00fclebilir mi?<br \/>\nKullan\u0131m \u00f6mr\u00fcn\u00fc tamamlayan ya da i\u015flevini yerine getirmeyen elektronik at\u0131klar\u0131, at\u0131k e\u015fya toplama konusunda destek veren firmalara teslim ederek geri d\u00f6n\u00fc\u015f\u00fcme katk\u0131 sa\u011flayabiliriz. Bilgisayar at\u0131klar\u0131 i\u00e7erisinde; yongalar, kablolar, cam, al\u00fcminyum, \u00e7elik, bak\u0131r ve plastik par\u00e7alar bar\u0131nd\u0131rmaktad\u0131r <\/p>\n<p>Elektronik at\u0131klar\u0131 kim topluyor?<br \/>\nElektrikli ve Elektronik e\u015fya kullan\u0131c\u0131lar\u0131 yani t\u00fcketiciler, kulland\u0131klar\u0131 \u00fcr\u00fcnlerini at\u0131k vasf\u0131na ula\u015ft\u0131\u011f\u0131 zaman T\u00dcB\u0130SAD Yetkilendirilmi\u015f Kurulu\u015fu (TYK) arac\u0131l\u0131\u011f\u0131yla geri d\u00f6n\u00fc\u015f\u00fcme kazand\u0131rabilirler.<\/p>\n","protected":false},"excerpt":{"rendered":"<p>\u0130\u015flemci hurdas\u0131 CPU elektronik at\u0131k Elektronik Geri D\u00f6n\u00fc\u015f\u00fcm Ve At\u0131k Ayr\u0131ca firmam\u0131z t\u00fcm hurda anakart, hurda tak ve \u00e7al\u0131\u015ft\u0131r kartlar\u0131 (ses kart\u0131, ekran kart\u0131, ethernet kart\u0131, \u0130mhas\u0131 \u00c7\u00f6z\u00fcmleri \u0130le \u00c7evre Dostu Hizmet Sunuyoruz. Dijital Geri D\u00f6n\u00fc\u015f\u00fcm Ve Elektronik At\u0131k \u0130mhas\u0131 \u0130le Veri Hurda laptop ne kadar eder?<br \/>\nBilgisayar par\u00e7as\u0131 elektronik at\u0131k m\u0131?<br \/>\nBozuk elektronik cihazlar geri d\u00f6n\u00fc\u015ft\u00fcr\u00fclebilir mi?<br \/>\nElektronik at\u0131klar\u0131 nereye verebilirim?<br \/>\n G\u00fcvenli\u011fini Sa\u011flay\u0131n. 30&#8217;u A\u015fk\u0131n \u00dclke<\/p>\n","protected":false},"featured_media":555,"template":"","meta":[],"product_brand":[],"product_cat":[15],"product_tag":[],"class_list":{"0":"post-553","1":"product","2":"type-product","3":"status-publish","4":"has-post-thumbnail","6":"product_cat-ikinci-el-esya","8":"first","9":"instock","10":"sale","11":"shipping-taxable","12":"purchasable","13":"product-type-simple"},"_links":{"self":[{"href":"https:\/\/ikincielesya.afacanbilgi.com\/cikma\/wp-json\/wp\/v2\/product\/553","targetHints":{"allow":["GET"]}}],"collection":[{"href":"https:\/\/ikincielesya.afacanbilgi.com\/cikma\/wp-json\/wp\/v2\/product"}],"about":[{"href":"https:\/\/ikincielesya.afacanbilgi.com\/cikma\/wp-json\/wp\/v2\/types\/product"}],"wp:featuredmedia":[{"embeddable":true,"href":"https:\/\/ikincielesya.afacanbilgi.com\/cikma\/wp-json\/wp\/v2\/media\/555"}],"wp:attachment":[{"href":"https:\/\/ikincielesya.afacanbilgi.com\/cikma\/wp-json\/wp\/v2\/media?parent=553"}],"wp:term":[{"taxonomy":"product_brand","embeddable":true,"href":"https:\/\/ikincielesya.afacanbilgi.com\/cikma\/wp-json\/wp\/v2\/product_brand?post=553"},{"taxonomy":"product_cat","embeddable":true,"href":"https:\/\/ikincielesya.afacanbilgi.com\/cikma\/wp-json\/wp\/v2\/product_cat?post=553"},{"taxonomy":"product_tag","embeddable":true,"href":"https:\/\/ikincielesya.afacanbilgi.com\/cikma\/wp-json\/wp\/v2\/product_tag?post=553"}],"curies":[{"name":"wp","href":"https:\/\/api.w.org\/{rel}","templated":true}]}}